{"version":"1.0","provider_name":"Conservatoire National des Plantes","provider_url":"https:\/\/www.cnpmai.net\/fr","author_name":"CNPMAI","author_url":"https:\/\/www.cnpmai.net\/fr\/author\/cnpmai\/","title":"Floraison du mois : la Marguerite de la Saint-Michel - Conservatoire National des Plantes","type":"rich","width":600,"height":338,"html":"<blockquote class=\"wp-embedded-content\"><a href=\"https:\/\/www.cnpmai.net\/fr\/2017\/09\/01\/floraison-mois-marguerite-de-saint-michel\/\">Floraison du mois : la Marguerite de la Saint-Michel<\/a><\/blockquote>\n<script type='text\/javascript'>\n<!--\/\/--><![CDATA[\/\/><!--\n\t\t\/*! This file is auto-generated *\/\n\t\t!function(d,l){\"use strict\";var e=!1,n=!1;if(l.querySelector)if(d.addEventListener)e=!0;if(d.wp=d.wp||{},!d.wp.receiveEmbedMessage)if(d.wp.receiveEmbedMessage=function(e){var t=e.data;if(t)if(t.secret||t.message||t.value)if(!\/[^a-zA-Z0-9]\/.test(t.secret)){for(var r,i,a,s=l.querySelectorAll('iframe[data-secret=\"'+t.secret+'\"]'),n=l.querySelectorAll('blockquote[data-secret=\"'+t.secret+'\"]'),o=new RegExp(\"^https?:$\",\"i\"),c=0;c<n.length;c++)n[c].style.display=\"none\";for(c=0;c<s.length;c++)if(r=s[c],e.source===r.contentWindow){if(r.removeAttribute(\"style\"),\"height\"===t.message){if(1e3<(a=parseInt(t.value,10)))a=1e3;else if(~~a<200)a=200;r.height=a}if(\"link\"===t.message)if(i=l.createElement(\"a\"),a=l.createElement(\"a\"),i.href=r.getAttribute(\"src\"),a.href=t.value,o.test(a.protocol))if(a.host===i.host)if(l.activeElement===r)d.top.location.href=t.value}}},e)d.addEventListener(\"message\",d.wp.receiveEmbedMessage,!1),l.addEventListener(\"DOMContentLoaded\",t,!1),d.addEventListener(\"load\",t,!1);function t(){if(!n){n=!0;for(var e,t,r=-1!==navigator.appVersion.indexOf(\"MSIE 10\"),i=!!navigator.userAgent.match(\/Trident.*rv:11\\.\/),a=l.querySelectorAll(\"iframe.wp-embedded-content\"),s=0;s<a.length;s++){if(!(e=a[s]).getAttribute(\"data-secret\"))t=Math.random().toString(36).substr(2,10),e.src+=\"#?secret=\"+t,e.setAttribute(\"data-secret\",t);if(r||i)(t=e.cloneNode(!0)).removeAttribute(\"security\"),e.parentNode.replaceChild(t,e)}}}}(window,document);\n\/\/--><!]]>\n<\/script><iframe sandbox=\"allow-scripts\" security=\"restricted\" src=\"https:\/\/www.cnpmai.net\/fr\/2017\/09\/01\/floraison-mois-marguerite-de-saint-michel\/embed\/\" width=\"600\" height=\"338\" title=\"\u00ab\u00a0Floraison du mois : la Marguerite de la Saint-Michel\u00a0\u00bb &#8212; Conservatoire National des Plantes\" frameborder=\"0\" marginwidth=\"0\" marginheight=\"0\" scrolling=\"no\" class=\"wp-embedded-content\"><\/iframe>","thumbnail_url":"https:\/\/www.cnpmai.net\/wp-content\/uploads\/2017\/08\/Aster-amellus-09-17-10-redim.jpg","thumbnail_width":1296,"thumbnail_height":972,"description":"\u00a0 La Marguerite de la Saint-Michel, ou Aster amelle (Aster amellus) est une vivace de quelques dizaines de centim\u00e8tres de haut qui fleurit tardivement, parfois jusqu&#8217;en octobre. Le jour de la Saint-Michel, le 29 septembre, \u00e9tait une date importante au Moyen-\u00c2ge. En effet, c&#8217;\u00e9tait le jour de l&#8217;expiration des baux ruraux (contrat de location de..."}

La Marguerite de la Saint-Michel, ou Aster amelle (Aster amellus) est une vivace de quelques dizaines de centimètres de haut qui fleurit tardivement, parfois jusqu&#8217;en octobre. Le jour de la Saint-Michel, le 29 septembre, était une date importante au Moyen-Âge. En effet, c&#8217;était le jour de l&#8217;expiration des baux ruraux (contrat de location de...
